{"id":35,"date":"2024-01-03T18:20:26","date_gmt":"2024-01-03T18:20:26","guid":{"rendered":"https:\/\/www.bachilleratopedroarrupesj.mx\/?page_id=35"},"modified":"2024-04-02T14:04:32","modified_gmt":"2024-04-02T14:04:32","slug":"planes-de-estudio","status":"publish","type":"page","link":"https:\/\/bachilleratopedroarrupesj.mx\/index.php\/planes-de-estudio\/","title":{"rendered":"Planes de estudio"},"content":{"rendered":"\t\t<div data-elementor-type=\"wp-page\" data-elementor-id=\"35\" class=\"elementor elementor-35\" data-elementor-settings=\"{&quot;ha_cmc_init_switcher&quot;:&quot;no&quot;}\" data-elementor-post-type=\"page\">\n\t\t\t\t<div class=\"elementor-element elementor-element-afdd846 e-flex e-con-boxed e-con e-parent\" data-id=\"afdd846\" data-element_type=\"container\" data-e-type=\"container\" data-settings=\"{&quot;_ha_eqh_enable&quot;:false}\">\n\t\t\t\t\t<div class=\"e-con-inner\">\n\t\t\t\t<div class=\"elementor-element elementor-element-a74f756 elementor-widget elementor-widget-heading\" data-id=\"a74f756\" data-element_type=\"widget\" data-e-type=\"widget\" data-widget_type=\"heading.default\">\n\t\t\t\t<div class=\"elementor-widget-container\">\n\t\t\t\t\t<h2 class=\"elementor-heading-title elementor-size-default\">Plan de Estudios<\/h2>\t\t\t\t<\/div>\n\t\t\t\t<\/div>\n\t\t\t\t\t<\/div>\n\t\t\t\t<\/div>\n\t\t<div class=\"elementor-element elementor-element-b08a4f9 e-flex e-con-boxed e-con e-parent\" data-id=\"b08a4f9\" data-element_type=\"container\" data-e-type=\"container\" data-settings=\"{&quot;_ha_eqh_enable&quot;:false}\">\n\t\t\t\t\t<div class=\"e-con-inner\">\n\t\t\t\t<div class=\"elementor-element elementor-element-fe15fd9 elementor-widget elementor-widget-heading\" data-id=\"fe15fd9\" data-element_type=\"widget\" data-e-type=\"widget\" data-widget_type=\"heading.default\">\n\t\t\t\t<div class=\"elementor-widget-container\">\n\t\t\t\t\t<h2 class=\"elementor-heading-title elementor-size-default\">La propuesta educativa del Bachillerato Pedro Arrupe SJ, parte del contexto actual de los j\u00f3venes y busca implementar estrategias pedag\u00f3gicas que ofrezcan a los alumnos elementos suficientes para desempe\u00f1arse en los \u00e1mbitos personal, acad\u00e9mico y profesional.\n\nEl Bachillerato, al ser General, tiene la responsabilidad de proponer a sus alumnos un marco curricular que brinde formaci\u00f3n integral en \u00e1reas de conocimiento general, as\u00ed como disciplinar y a la vez considerar las aspiraciones y los intereses vocacionales de sus alumnos. De esta manera logra brindarles una adecuada formaci\u00f3n proped\u00e9utica que fortalezca sus conocimientos y habilidades para que de esta forma logren desarrollar las competencias necesarias para su ingreso a nivel de educaci\u00f3n superior y tener un buen desempe\u00f1o en \u00e9l.\n\nEl Bachillerato Pedro Arrupe SJ incorpora en su plan de estudios los principios b\u00e1sicos de la Reforma Integral de la Educaci\u00f3n Media Superior basado en el Marco Curricular Com\u00fan con el enfoque de desarrollo de competencias gen\u00e9ricas y disciplinares.<\/h2>\t\t\t\t<\/div>\n\t\t\t\t<\/div>\n\t\t\t\t<div class=\"elementor-element elementor-element-8de7d8d elementor-align-center elementor-widget elementor-widget-button\" data-id=\"8de7d8d\" data-element_type=\"widget\" data-e-type=\"widget\" data-widget_type=\"button.default\">\n\t\t\t\t<div class=\"elementor-widget-container\">\n\t\t\t\t\t\t\t\t\t<div class=\"elementor-button-wrapper\">\n\t\t\t\t\t<a class=\"elementor-button elementor-button-link elementor-size-md\" href=\"https:\/\/www.bachilleratopedroarrupesj.mx\/wp-content\/uploads\/2024\/01\/MAPA_CURRICULAR_PARA_PAGINA.pdf\" target=\"_blank\">\n\t\t\t\t\t\t<span class=\"elementor-button-content-wrapper\">\n\t\t\t\t\t\t<span class=\"elementor-button-icon\">\n\t\t\t\t<svg aria-hidden=\"true\" class=\"e-font-icon-svg e-far-arrow-alt-circle-down\" viewBox=\"0 0 512 512\" xmlns=\"http:\/\/www.w3.org\/2000\/svg\"><path d=\"M256 8C119 8 8 119 8 256s111 248 248 248 248-111 248-248S393 8 256 8zm0 448c-110.5 0-200-89.5-200-200S145.5 56 256 56s200 89.5 200 200-89.5 200-200 200zm-32-316v116h-67c-10.7 0-16 12.9-8.5 20.5l99 99c4.7 4.7 12.3 4.7 17 0l99-99c7.6-7.6 2.2-20.5-8.5-20.5h-67V140c0-6.6-5.4-12-12-12h-40c-6.6 0-12 5.4-12 12z\"><\/path><\/svg>\t\t\t<\/span>\n\t\t\t\t\t\t\t\t\t<span class=\"elementor-button-text\">Haz clic aqu\u00ed <\/span>\n\t\t\t\t\t<\/span>\n\t\t\t\t\t<\/a>\n\t\t\t\t<\/div>\n\t\t\t\t\t\t\t\t<\/div>\n\t\t\t\t<\/div>\n\t\t\t\t\t<\/div>\n\t\t\t\t<\/div>\n\t\t<div class=\"elementor-element elementor-element-a1060f6 e-flex e-con-boxed e-con e-parent\" data-id=\"a1060f6\" data-element_type=\"container\" data-e-type=\"container\" data-settings=\"{&quot;_ha_eqh_enable&quot;:false}\">\n\t\t\t\t\t<div class=\"e-con-inner\">\n\t\t\t\t<div class=\"elementor-element elementor-element-7912aff elementor-widget elementor-widget-spacer\" data-id=\"7912aff\" data-element_type=\"widget\" data-e-type=\"widget\" data-widget_type=\"spacer.default\">\n\t\t\t\t<div class=\"elementor-widget-container\">\n\t\t\t\t\t\t\t<div class=\"elementor-spacer\">\n\t\t\t<div class=\"elementor-spacer-inner\"><\/div>\n\t\t<\/div>\n\t\t\t\t\t\t<\/div>\n\t\t\t\t<\/div>\n\t\t\t\t\t<\/div>\n\t\t\t\t<\/div>\n\t\t<div class=\"elementor-element elementor-element-de760a5 e-flex e-con-boxed e-con e-parent\" data-id=\"de760a5\" data-element_type=\"container\" data-e-type=\"container\" data-settings=\"{&quot;background_background&quot;:&quot;classic&quot;,&quot;_ha_eqh_enable&quot;:false}\">\n\t\t\t\t\t<div class=\"e-con-inner\">\n\t\t<div class=\"elementor-element elementor-element-58b4f48 e-flex e-con-boxed e-con e-child\" data-id=\"58b4f48\" data-element_type=\"container\" data-e-type=\"container\" data-settings=\"{&quot;_ha_eqh_enable&quot;:false}\">\n\t\t\t\t\t<div class=\"e-con-inner\">\n\t\t\t\t\t<\/div>\n\t\t\t\t<\/div>\n\t\t<div class=\"elementor-element elementor-element-daef739 e-flex e-con-boxed e-con e-child\" data-id=\"daef739\" data-element_type=\"container\" data-e-type=\"container\" data-settings=\"{&quot;_ha_eqh_enable&quot;:false}\">\n\t\t\t\t\t<div class=\"e-con-inner\">\n\t\t<div class=\"elementor-element elementor-element-aaba99c e-con-full e-flex e-con e-child\" data-id=\"aaba99c\" data-element_type=\"container\" data-e-type=\"container\" data-settings=\"{&quot;background_background&quot;:&quot;classic&quot;,&quot;_ha_eqh_enable&quot;:false}\">\n\t\t\t\t<div class=\"elementor-element elementor-element-3267b07 elementor-widget elementor-widget-heading\" data-id=\"3267b07\" data-element_type=\"widget\" data-e-type=\"widget\" data-widget_type=\"heading.default\">\n\t\t\t\t<div class=\"elementor-widget-container\">\n\t\t\t\t\t<h2 class=\"elementor-heading-title elementor-size-default\">\u00bfTe gustar\u00eda cursar la preparatoria totalmente becado en un colegio de excelencia acad\u00e9mica y tener un educaci\u00f3n integral?<\/h2>\t\t\t\t<\/div>\n\t\t\t\t<\/div>\n\t\t\t\t<div class=\"elementor-element elementor-element-09b3adc elementor-widget elementor-widget-image\" data-id=\"09b3adc\" data-element_type=\"widget\" data-e-type=\"widget\" data-widget_type=\"image.default\">\n\t\t\t\t<div class=\"elementor-widget-container\">\n\t\t\t\t\t\t\t\t\t\t\t\t\t\t\t<img decoding=\"async\" width=\"186\" height=\"65\" src=\"\/wp-content\/uploads\/2024\/01\/logo.png\" class=\"attachment-large size-large wp-image-16\" alt=\"\" \/>\t\t\t\t\t\t\t\t\t\t\t\t\t\t\t<\/div>\n\t\t\t\t<\/div>\n\t\t\t\t<\/div>\n\t\t\t\t\t<\/div>\n\t\t\t\t<\/div>\n\t\t\t\t\t<\/div>\n\t\t\t\t<\/div>\n\t\t\t\t<\/div>\n\t\t","protected":false},"excerpt":{"rendered":"<p>Plan de Estudios La propuesta educativa del Bachillerato Pedro Arrupe SJ, parte del contexto actual de los j\u00f3venes y busca implementar estrategias pedag\u00f3gicas que ofrezcan a los alumnos elementos suficientes para desempe\u00f1arse en los \u00e1mbitos personal, acad\u00e9mico y profesional. El Bachillerato, al ser General, tiene la responsabilidad de proponer a sus alumnos un marco curricular [&hellip;]<\/p>\n","protected":false},"author":1,"featured_media":0,"parent":0,"menu_order":0,"comment_status":"closed","ping_status":"closed","template":"","meta":{"inline_featured_image":false,"footnotes":""},"class_list":["post-35","page","type-page","status-publish","hentry"],"_links":{"self":[{"href":"https:\/\/bachilleratopedroarrupesj.mx\/index.php\/wp-json\/wp\/v2\/pages\/35","targetHints":{"allow":["GET"]}}],"collection":[{"href":"https:\/\/bachilleratopedroarrupesj.mx\/index.php\/wp-json\/wp\/v2\/pages"}],"about":[{"href":"https:\/\/bachilleratopedroarrupesj.mx\/index.php\/wp-json\/wp\/v2\/types\/page"}],"author":[{"embeddable":true,"href":"https:\/\/bachilleratopedroarrupesj.mx\/index.php\/wp-json\/wp\/v2\/users\/1"}],"replies":[{"embeddable":true,"href":"https:\/\/bachilleratopedroarrupesj.mx\/index.php\/wp-json\/wp\/v2\/comments?post=35"}],"version-history":[{"count":25,"href":"https:\/\/bachilleratopedroarrupesj.mx\/index.php\/wp-json\/wp\/v2\/pages\/35\/revisions"}],"predecessor-version":[{"id":979,"href":"https:\/\/bachilleratopedroarrupesj.mx\/index.php\/wp-json\/wp\/v2\/pages\/35\/revisions\/979"}],"wp:attachment":[{"href":"https:\/\/bachilleratopedroarrupesj.mx\/index.php\/wp-json\/wp\/v2\/media?parent=35"}],"curies":[{"name":"wp","href":"https:\/\/api.w.org\/{rel}","templated":true}]}}